= 9*t. Calculate a(j).
-12
Let q be 2/1*(-24)/16. Let d = 225 - 152. Let w(k) = 3 - 76*k - 3 - 2 + d*k. Give w(q).
7
Let d be (-21)/(-112)*8*5/90. Let h(o) be the third derivative of 2*o**2 + 0*o + 2/3*o**3 - 1/120*o**6 + d*o**5 + 0 + 1/24*o**4. What is h(5)?
9
Suppose 3*c - c = -4. Let z be 0/(c*2/(-4)). Suppose z*o + 2*o = 6. Let h(x) = -2*x**2 + 3*x + 3. Give h(o).
-6
Let d(p) = -p**2 - 31*p + 78. Let x be (-4 + 84/18)/((-10)/495). Determine d(x).
12
Let i be (0 - -1)/((-1)/3). Let z(a) = -37*a - 4*a + 2 + 44*a. Determine z(i).
-7
Let f(p) = -p**2 - 14*p - 12. Let m(k) = -21*k - 56. Let q be m(-2). Determine f(q).
-12
Let t be (-2 - -1)/(2 - 3). Let q(m) be the third derivative of 3*m**4/8 + m**2 - 7*m. What is q(t)?
9
Let w(b) = b**3 - b**2 + 1. Let f be w(2). Suppose -l = 5*s + 23, 0*l + 3*l + f = s. Let k(o) = o**2 + 4*o + 4. What is k(l)?
1
Suppose -2*w - 25 + 29 = 0. Let m(p) = 4*p - 2*p**2 + 149*p**3 - w*p**2 + 148*p**3 + 3 - 298*p**3. What is m(-4)?
-13
Let t(o) = o**2 + o + 1. Let k = -33 - -40. Let n(v) = -5*v**2 - k + 0 + 4 + 2. Let x(z) = -n(z) - 2*t(z). What is x(-1)?
4
Let u be (-6)/10 + 66/(-15). Let l(v) = -2*v**2 - 8*v - 9. Give l(u).
-19
Let p = 63 + -41. Let y(b) = -33 - 9*b**3 + 55 - p + b. Give y(1).
-8
Let w(z) = -z**3 - 9*z**2 + 20*z - 9. Let s be w(-11). Let n(p) = p**2 - 12*p + 12. Determine n(s).
25
Let g(d) = -10*d - 10. Let z(m) = 5 + 0 + m + 2*m - 2. Let n(r) = -4*g(r) - 14*z(r). Calculate n(4).
-10
Let b(z) = -z**2 - 2*z + 4. Let n be b(-3). Suppose -2*y = 4*d - 88, 2*y = d - 2*y - 31. Let c(p) = d - 47 + 24 - 3*p**2. Give c(n).
-3
Suppose -d = 4*z + z - 365, -3*d = z - 59. Let h(s) = 76*s - 6 - z*s + 17. Give h(8).
27
Let p(k) = k**2 + 4*k - 2. Let r be (30/12)/(2*(-3)/12). What is p(r)?
3
Let w(a) = a**2 + 4*a + 3. Let i be (-340)/(-60) + (-1)/(-3). Let j(c) = -c + 2. Let m be j(-4). Suppose m = 5*t - i*t. Calculate w(t).
15
Let s(r) be the third derivative of 1/60*r**6 + 0*r**4 + 0 + 0*r + 1/6*r**3 + 14*r**2 - 1/30*r**5. Determine s(-1).
-3
Let s = 14 + -12. Let v(k) = -s - 2*k + 1 + k + 2*k. Let g be 15/(-4) + 1/(-4). What is v(g)?
-5
Let v(p) = -3*p**2 + 3*p + 3. Suppose 0 = w - 2*m - 118, -w - 4*m = -0*w - 88. Suppose -i - 3*i = -w. Let t = 30 - i. Give v(t).
-15
Let d(g) = -g**3 + g**2 + 3*g + 3. Let y(c) = 1. Let r(m) = 2*m + 26. Let w(k) = r(k) - 6*y(k). Let o be w(-11). Determine d(o).
9
Let a(p) = -2*p**2 + 6*p + 4. Let z(l) = 2*l**2 - 3*l - 1. Let j(q) = -a(q) - 2*z(q). What is j(0)?
-2
Let f(i) = 3*i**3 - 5*i**2 + 8*i + 1. Let u(r) = -7*r**3 + 9*r**2 - 17*r - 1. Let n be (-4)/(-10)*(0 + 5). Let h(t) = n*u(t) + 5*f(t). Calculate h(6).
3
Let t(f) be the first derivative of -3 - 1/2*f**2 + 0*f. Let r(m) = m - 5. Let d be r(9). What is t(d)?
-4
Let g(j) be the second derivative of -1/6*j**3 + j**2 + j + 0. Let q be 30/(-12)*(-1)/(50/(-12))*-5. Calculate g(q).
-1
Suppose 5*c - 114 = -39. Suppose -i = n + i + 25, -3*i - c = 0. Let z = n - -21. Let k(u) = -u**3 + 6*u**2 - 2*u. Determine k(z).
-12
Suppose -2*g + c + 132 = 0, -c = -g + 31 + 34. Let y(n) = -g - 2*n**2 + 66 + n + 3*n**2. Calculate y(-2).
1
Suppose -21 = -3*r - 5*f, -5 = -4*r + 2*f - f. Let t be (-21)/3 - -1*(0 + r). Let c(g) = 2*g**2 + 6*g - 5. Determine c(t).
15
Let u(k) be the second derivative of k**6/180 + k**5/30 - k**4/12 + k**3/3 + 9*k. Let q(z) be the second derivative of u(z). What is q(-4)?
14
Suppose 7*t = 9*t - 6. Let b(w) = -3*w - 6*w**2 + 13*w**2 - w**t + 0*w**2 + 9. Let o = 23 + -16. Give b(o).
-12
Let o(x) = 2*x**2 + 2*x + 2. Let n(r) = -r + 1. Let p(l) = -2*n(l) + o(l). Let f(b) = -4*b**2 - 9*b - 1. Let c(y) = 2*f(y) + 5*p(y). Give c(2).
10
Let t(j) = j**3 + 7*j**2 + 3*j + 9. Let g = -21 - -23. Let v(l) = -l**2 - 4*l + 5. Let h be v(g). Calculate t(h).
-12
Let q(b) be the first derivative of b + 5/3*b**3 - 1/4*b**4 + 8 - b**2. Give q(4).
9
Let v = -119 + 115. Let t(i) = 0*i + 5 + 2*i + 0. Calculate t(v).
-3
Let v(h) = 2 - 25*h - 59*h + 108*h - 23*h. Determine v(-5).
-3
Let w(k) = k**3 + 6*k**2 - 3*k + 2. Let q = 1041 - 1046. Give w(q).
42
Let s(u) = -u - 2. Suppose -7*k + 89 = -58. Let v(x) = x - 22. Let i be v(k). Calculate s(i).
-1
Let f(z) = -z**2 + 10*z + 9. Let y = 12 - 1. Let r be f(y). Let n(l) = 1. Let u(d) = 7*d - 4. Let p(o) = 6*n(o) + u(o). Calculate p(r).
-12
Let u(y) = y**2 + 2*y + 4. Let s(j) = -j**2 - 2*j - 3. Let a(p) = 4*s(p) + 3*u(p). Let q(m) = -3*m**2 - 3*m + 1. Let v(r) = 5*a(r) - 2*q(r). Give v(6).
10
Suppose 3*j - 15 = -2*j. Let a = -16 - -19. Let y(b) = -b**2 + 4*b**2 - 3*b**3 - 2*b - 1 + 0 + 2*b**a. Calculate y(j).
-7
Let w(n) = 17*n**3 - 2 + 17*n**3 - 6*n**2 - 53*n**3 - 6*n + 18*n**3. Give w(-5).
3
Suppose -4*z - 2*x + 2 = -0, 0 = -2*z - 2*x - 2. Let g(o) = -2 - 2*o + 39*o**3 - 5*o**z - 3 - 38*o**3. Let c = -5 - -10. Calculate g(c).
-15
Let g(l) = -l**2 + 4*l + 4. Let z(u) = -u**3 - 4*u**2 - 2*u - 1. Let q be z(-3). Let s be 4 + -2 + (-28)/q. Let c be s/(-27) + (-26)/(-6). Calculate g(c).
4
Suppose 3*t = -4*m - t + 8, -5*m - 2*t = -13. Let n(g) = 0 - m - 1 - 1 + g. Suppose -5*p + 3*v = -0*v - 33, 3*p = -2*v + 16. What is n(p)?
1
Let v be ((-24)/(-3))/(-4) + (-1 - -5). Let l(q) = q - 3 + 11*q**2 - 6*q**v - 6*q**2. Give l(0).
-3
Let q(u) = -u**3 - 2*u**2 + 2*u. Suppose 3*b - 3 = 15. Suppose -66 = -0*i - b*i. Suppose -20 = 5*f - h, h = 2*f - 0*h + i. Calculate q(f).
3
Let v = 35 - 30. Let n(r) = -8*r - 1 + 1 + 7*r - v. What is n(-4)?
-1
Let r(g) = 2*g**2 + 5*g - 1. Let w(q) = 3*q**2 + 5*q. Let f(o) = 4*r(o) - 3*w(o). Let v(i) = -i + 1. Let l be v(-5). What is f(l)?
-10
Let w = 2 - 5. Let h(c) be the second derivative of 0 + 1/6*c**3 + c**2 - 7*c. What is h(w)?
-1
Let n(a) be the second derivative of 0 - 2*a**2 + 1/8*a**4 - 1/6*a**3 - 13*a. Let i(u) be the first derivative of n(u). What is i(3)?
8
Let s(z) = 2*z**2 - 15*z + 18. Let b be s(7). Suppose -13 = i - b. Let u(c) = c + 1. Give u(i).
-1
Suppose -k + 5 = -2*u, 0*k + 2*k - 3*u - 12 = 0. Let j = k + 3. Suppose -16 = -4*x, 0*c - j = -4*c - 3*x. Let v(p) = p + 1. What is v(c)?
1
Let n = 460 + -455. Let l(j) be the second derivative of 0*j**2 + n*j + 0 - 2/3*j**3. Determine l(2).
-8
Let d(m) be the first derivative of 0*m**2 + m - 17 - 10/3*m**3. Suppose 0 = 2*o + 3*o + 5. What is d(o)?
-9
Let q be (-2 - -3)/((-2)/(-4)). Let c(k) = 6*k**2 - 4*k**q - k**2 + 4 - 8*k. Let b be 38/9 - (-16)/(-72). What is c(b)?
-12
Let o(m) = 4*m**2 + 12*m - 5. Let n(h) = 3*h**2 + 11*h - 5. Let c(x) = -5*n(x) + 4*o(x). Let l(b) = 6*b + 8. Let p be l(5). Let r = 45 - p. Give c(r).
5
Let l(n) = n. Let r(v) = 2*v - 3. Let s(j) = l(j) - r(j). Let w be s(3). Suppose 4*m - m = w. Let y(c) = c**2 + c + 3. Determine y(m).
3
Let x(p) be the second derivative of p**4/12 + 5*p**3/6 + 7*p**2/2 - 253*p. What is x(-5)?
7
Let h(z) be the first derivative of z**4/8 - z**3/6 - z**2/2 + 14*z + 35. Let l(y) be the second derivative of h(y). Let a = 0 - -1. What is l(a)?
2
Let h(c) = -c**2 + 6. Let l(p) = -p**2 + 2*p - 19. Let x(a) = 3*h(a) + l(a). What is x(3)?
-31
Let j(b) be the second derivative of -12*b + 1/12*b**4 + 5/2*b**2 - b**3 + 0. Determine j(4).
-3
Let x(s) = 2 - 11*s + 10*s + 0*s. Let l(z) = -2*z**3 + 2*z**2 - 1. Let b be l(-1). Suppose -5*k + b*p - 30 = 0, -2*p - 2 = k + 3*k. Determine x(k).
5
Let q(w) = -w**3 + 4*w**2 + w + 8. Suppose 0*r = r, -4*g = r - 20. Give q(g).
-12
Let t = 47 + -54. Let s be t - (-10)/2*8/20. Let w(n) = n + 5. Calculate w(s).
0
Let t(a) be the second derivative of 1/4*a**4 + 0 + 0*a**3 + a + 0*a**2 - 1/10*a**5. Let j be ((-8)/14)/(-2*(-3)/(-21)). Give t(j).
-4
Let j(w) = 9*w**2 - 5*w - 12. Let r(y) = -162*y**2 + 158*y**2 + 6 + 0*y + 2*y + y. Let t(x) = -3*j(x) - 7*r(x). Give t(6).
-6
Let r be (-448)/70 + (-12)/20. Let m(k) = k**2 + 2*k + 9. What is m(r)?
44
Let a(q) = 2*q**3 + q**2 - q + 2. Let m be 11 + -3 + 2/2. Suppose 0 = 2*x - 1 - m. Suppose 3 + x = -4*y. Determine a(y).
-8
Let y be 1 + (4/12)/((-4)/8). Let d(g) be the second derivative of 0 + 5/12*g**4 + y*g**3 - 1/20*g**5 + 9*g - g**2. Determine d(5).
8
Let y(j) = 174 - 42 - 42 - 38 - 3*j - 45. Give y(2).
1
Let t(f) = 5*f + 171 - 86 - 86 - f. Let k(m) = -m**2 - 6*m - 1. Let q be k(-5). Suppose -z = -q, 4*z = -2*d - 0*z + 24. Calculate t(d).
15
Let k(t) = -144*t**3 - 63*t**2 + 63*t. Let q(j) 